 (-5 - (5 + -20)) + -12 + 17.
15
What is the value of -3 + -5 + 5 + -13 + -11?
-27
What is 15 + 5 + (2 - 11) + -34?
-23
Evaluate -4 - 20 - -34 - (15 + 0 - 1).
-4
What is the value of 5 - (3 - (7 + -7 + -5))?
-3
What is the value of 10 + (-20 - -28) - (-1 + 15)?
4
What is the value of -7 + -2 - (-8 + 13 + (6 - 9))?
-11
5 + 10 + 37 + -52
0
(-6 - ((3 - 9) + 6 + 3)) + 5
-4
Evaluate -1 + -2 - -2 - (-201 + 186).
14
-43 + 51 + 2 + -9
1
What is the value of 52 + -39 + (2 - (-10 - -3))?
22
What is the value of -9 + 22 + (6 + -15 + -5 - -6)?
5
6 + -4 + (-1 - -1) + -10 + -6
-14
Evaluate -28 - (16 - (20 - -20)).
-4
What is (2 + -3 - -4) + (7 - 14) + -23?
-27
20 - (-11 - (-14 - 11))
6
Calculate -6 + -8 + (9 - (-21 - 7)).
23
Evaluate (-77 - -54) + 7 + 1.
-15
Evaluate -2 - 5 - (19 + 29 + -33).
-22
-5 - (-30 + 2 + 10) - 10
3
What is 14 + (-11 + (-8 - -18 - 2) - -5)?
16
-68 + 16 - -19 - -62
29
What is the value of 0 + 6 - ((-4 - (-9 + 15)) + 7)?
9
What is the value of -16 - (-27 + -17 + 22)?
6
Evaluate 9 + 13 + -10 + (-1 - -3).
14
Calculate -13 + (3 + 0 - (-16 + -9 + 22)).
-7
29 - (-20 + (-23 - -48))
24
What is 19 - (31 + 7 - 18)?
-1
Calculate -6 + -2 + (4 - 7) + 1 + 2.
-8
Evaluate 9 - (-67 - -66 - (-18 + 2)).
-6
What is the value of 4 + 17 + -2 + -13?
6
What is (0 - 52) + -1113 + 1133?
-32
Evaluate -12 + 7 + 1 + 16.
12
What is the value of 2 + 4 + -1 + -28 + 27?
4
7 + -82 + 78 + (0 - -2 - -6)
11
Evaluate -11 - -2 - (-14 - (7 - 5)).
7
What is the value of 8 + -15 + 23 + -4?
12
What is the value of 2 + (17 + -18 + (2 - 3) - -5)?
5
What is 5 + -11 - (1 + 3 - 24)?
14
(11 - -2 - (10 - 2)) + (2 - -2)
9
Calculate -2 + -2 - (15 - 14).
-5
What is the value of -24 - ((3 + 6 - -1) + -1 - 12)?
-21
9 + -16 + -4 + (9 - 30)
-32
Evaluate -41 - -60 - -1 - 40.
-20
What is 38 + (-13 - 22) + 12?
15
9 - 13 - (3 - (-2 - (-6 - 2)))
-1
Calculate -7 - (-19 + 19 - (-4 - (-7 + 1))).
-5
Evaluate (8 + 2 - 14) + (4 - (1 + -1)).
0
Evaluate -17 + -7 + 5 + 8.
-11
7 + (2 - 4) - (48 + -31)
-12
What is (-8 - -8) + -20 - (7 - (15 + -6))?
-18
6 + -5 + (8 - (2 + 6))
1
What is the value of (-2 - (2 + -4) - (-2 - -8)) + -4?
-10
Evaluate (4 + 1 - 8) + -16 + 8.
-11
Calculate (-9 - -8) + -10 - (104 + -101).
-14
Evaluate (7 - (-12 + 7 + 0)) + -30.
-18
What is the value of (-2 + 3 - (-15 - -22)) + 9 + 3?
6
(-26 - 19 - -18) + 18
-9
Calculate -19 + 9 + -7 + (35 - 3).
15
What is the value of -1 + -7 + -180 + 171 - -26?
9
What is the value of -5 + (2 - (6 - -8)) + 9?
-8
What is 3 + ((-10 - -15) + -4 - -2)?
6
What is (-123 - -122) + (-3 - -31)?
27
What is 0 - ((-9 - -6) + (14 - 6))?
-5
Calculate -34 + 40 + 0 + (-4 - 0).
2
Evaluate -8 - -7 - (-15 + 18 + -7).
3
(3 - 10) + -52 + 42 - -16
-1
What is (-12 - 4 - -8) + 16?
8
Evaluate 10 + (111 - 114) + (5 - 0).
12
Calculate (10 - (6 + 3 + 31)) + (-2 - -11).
-21
14 + 5 + -1 + (-5 - 1)
12
Evaluate 2 + -5 + 0 + -2 + 9 - -21.
25
What is the value of (-5 - 0) + 1 + 1 + 10 + 0?
7
Evaluate -4 + 0 + 23 + -359 + 351.
11
Calculate 3 - (2 - (4 - 18)) - (1 + -2).
-12
5 + -2 + (-4 + 6 - (7 + -5))
3
What is -105 + 112 - (-2 - 11) - -9?
29
What is (-39 - -25) + 22 - -7?
15
Calculate -8 + (6 - (0 + 10)) + -5 + 12.
-5
Calculate -25 + -2 - -3 - (1 + 1 - 10).
-16
Calculate 16 + (15 - 2) + -15.
14
What is the value of -6 + (34 - (-6 - -24))?
10
Calculate -109 + 87 + -1 + (-4 - -8).
-19
Evaluate 23 + -27 + 10 + 2.
8
Calculate 54 + -67 - (5 - (-2 + -9 + 6)).
-23
What is the value of (38 - 24) + 2 + -7?
9
What is the value of 257 + -270 - (-5 - 1)?
-7
(-3 - 0) + -22 + 70 + -52
-7
Calculate -15 + 0 + 2 + 10.
-3
What is -1 + -6 + 15 - 11?
-3
Calculate 23 + -30 - -9 - (-2 + 2).
2
What is -2 - (-6 - (-2 - -2) - (-32 - -39))?
11
Evaluate (12 + -12 - -6) + (-2 - -8 - 34).
-22
Calculate 33 - (-3 - (4 - 1) - (44 + -55)).
28
What is the value of -62 - -61 - (-11 + 4)?
6
3 - (-16 + (4 - 5) - (-3 + 10))
27
What is 1 - (2 - 5 - 2) - (2 + 1)?
3
What is the value of (-27 + 20 - (-4 + 11)) + 13?
-1
Calculate -120 + 132 - (-4 + 0) - -6.
22
Evaluate 12 + -7 - (9 - -5) - -13.
4
(-1 - 7) + (-40 + 11 - -29)
-8
Evaluate 6 + 15 + -22 + -29.
-30
Evaluate -33 + 14 + 4 - -6.
-9
What is 0 + -2 + (-24 - (3 + (2 - 1)))?
-30
Calculate 19 + -50 - -3 - (9 - 12).
-25
Calculate (-1 - -5) + 13 + -3 + -1 + -24.
-11
Calculate -40 + (-3 + 49 - 4).
2
-28 - (-25 + -14) - (-1 - (0 - 39))
-27
(2 + 3 - 7) + (4 - -2)
4
Evaluate 4 - 1 - (-43 - -31 - -10).
5
What is the value of 0 + 2 + -4 + 4 - (4 - 2)?
0
What is the value of -5 + (-7 - -4) + (48 - (-17 + 34))?
23
Evaluate -35 - (-49 + 25) - (-2 - 1).
-8
What is 19 + (-7 - (-21 - -10) - (9 + 0))?
14
What is 12 - 2 - (3 + 1)?
6
What is the value of 1 + 1 + -19 + -7 + 11 + -5?
-18
Evaluate 10 - (29 - (-5 - -14)) - -23.
13
Evaluate 9 - ((-4 - (-5 + -1)) + (-9 - 1)).
17
What is the value of -5 - ((-1 - (1 + -6)) + -132 + 126)?
-3
What is -9 - -7 - (5 + (8 - -1))?
-16
What is the value of -56 - -62 - (-2 + 4 + 23)?
-19
3 - (-8 - (5 + -6 - -4)) - -1
15
Calculate 12 + -23 + 4 - (11 - 5).
-13
What is 8 - (-4 - (-16 + -9))?
-13
What is the value of -2 - -5 - (-42 - ((-22 - 4) + 10))?
29
Calculate -13 - -15 - (1 - (-11 + 6)).
-4
What is the value of -20 + (7 - -10 - 21)?
-24
Calculate 15 + -19 - 4 - (4 + 4).
-16
What is -19 + -4 + 7 - -26?
10
What is (-22 - -23) + (6 - 1) + (0 - 9)?
-3
Evaluate (-35 - -14 - -10) + 21.
10
Evaluate -6 + (-12 - (-6 + -20 - 0)).
8
Evaluate 16 - 2 - (18 - 4).
0
Calculate -29 - (-9 - (1 - 1)) - (-2 + -2).
-16
Evaluate 21 - (1 - (-10 - (-1 - 7))).
18
What is 9 + -2 - (17 - (36 + -12))?
14
What is 19 + -6 - (-2 - -16)?
-1
What is (9 - 0) + (24 - (9 + 17))?
7
Evaluate (2 - -6 - (1 + -3)) + -2.
8
(10 - (-8 + 4)) + (-3 - 3)
8
What is the value of 24 - (11 - (-39 - -15))?
-11
(13 - (21 + -10) - -14) + -24
-8
What is 11 + (-51 - -15) + 38 + (0 - -2)?
15
What is 42 + -32 - (-5 - (-25 - -6))?
-4
What is 2 - ((-5 - -4) + -1) - (7 + -1)?
-2
Evaluate -9 - 5 - -24 - (-4 - 2).
16
What is -2139 + 2145 + (-3 - 1) + -3 + 1?
0
Calculate -1 + (4 + -20 + 2 - -3).
-12
What is 8 + (-45 - -50 - (32 - 1))?
-18
What is 2 + 8 + (-16 - (9 - 4 - 8))?
-3
2 - 7 - -5 - ((12 - 31) + 12)
7
Calculate -13 - (-7 - 5 - 7) - 13.
-7
What is the value of (-2 - -1) + -6 - (-2 + -31 + 11)?
15
152 + -125 + (-4 - 4)
19
Evaluate 5 - (-2 + 5 + 39 + -33).
-4
-1 + -3 - (-1 - (-3 + (6 - 5)))
-5
Calculate (2 - (7 + -23) - -3) + -1.
20
What is (-10 - (9 + -3)) + 9 - -14?
7
What is the value of -9 + -1 + (36 - 10)?
16
12 + -2 - (-8 - (3 - (21 + -9)))
9
What is 5 + -11 - (1 - (6 - (5 - -6)))?
-12
What is the value of -9 - -1 - (-3 + -1)?
-4
-4 + -2 - -4 - (-1 + -4 - 8)
11
What is 3 + 3 + -1 - (27 - (38 - 23))?
-7
Evaluate -14 + 4 + 10 + 20 + -2 + 1.
19
What is the value of (7 - -2 - 10 - -6) + -17?
-12
What is the value of 31 + 12 - 27 - 28?
-12
What is (7 + -2 - 5) + -1 + 9?
8
(-3 - -15 - ((-2 - 2) + -2)) + -5
13
Evaluate (5 - (-2 - -1) - 0) + (24 - 20).
10
What is 6 + 30 + -33 - 0?
3
What is the value of 0 - -5 - (-11 - -2 - -15) - 5?
-6
Evaluate (-51 - -5) + 34 + (1 - 1).
-12
(-6 - ((-37 - -12) + -1)) + -3 + -1
16
Evaluate 3 - (-2 - (11 + -15 - -7) - -3).
5
Calculate -16 + (-8 - 2 - (-15 + (2 - 0))).
-13
What is -22 + -6 - -27 - (13 + 2 + -1)?
-15
(3 - -1) + -10 - -11
5
-13 + (4 - (1 + 7 + 11 + -10))
-18
What is the value of (-20 - -11 - 11) + (-1 - 3) - -5?
-19
(6 - (-19 - 16)) + -34
7
Evaluate -17 + -1 + (27 - (22 + 12)).
-25
Calculate (-271 - -263) + (0 - 3).
-11
-3 + (-34 - -41) + (4 - 3)
5
1 + 13 + -33 + 4 + -2 + 3
-14
What is -37 - -53 - (-23 - -17)?
22
-20 - -35 - (4 + 11)
0
(8 + 0 - (193 + -182)) + 1 + 18
16
(12 - (24 + -12)) + 0
0
Evaluate -3 + (19 - 6) + -7.
3
Evaluate -3 - -10 - 13 - (-2 - (2 - 3)).
-5
26 - (16 + -46 - -44)
12
Evaluate 11 + 13 + (-14 - -11) - -2.
23
Calculate -27 + (-19 - (-3 - 6)) + 16.
-21
Calculate -2 - -19 - (126 - 110).
1
(1 - (-3 - 1)) + (-2 - (15 - 28))
16
What is -11 + 7 + 13 - (-20 - -37)?
-8
9 - (-10 - (26 - 58))
-13
Calculate 25 + (20 + -34 - 13).
-2
Calculate (654 - 643) + (-1 - 21).
-11
4 + -4 + 3 + 9 + -8
4
What is the value of (1 + -5 - (-53 - -68)) + (23 - 20)?
-16
Evaluate 15 + (-14 - (-4 - -16)).
-11
What is the value of (13 - (3 + 0)) + -3 + (12 - 7)?
12
Calculate -34 + 30 - (-1 - -5 - 0).
-8
(-2 - (-1 - -3) - 11) + (48 - 43)
-10
(-2 - -2) + -6 - (92 + -46 + -34